101010111010 (base 2) to base 6.
-20414
What is -24302514 (base 8) in base 6?
-310301552
Convert -307406 (base 10) to base 5.
-34314111
d4881b (base 15) to base 14
14adcd3
1cac1 (base 14) to base 5
4322343
22212212210 (base 3) to base 14
47a2d
-133022101000 (base 4) to base 10
-8168512
Convert 911469 (base 11) to base 2.
101100101111010000110
What is 10240 (base 11) in base 9?
22425
1112010112112 (base 3) to base 9
1463475
What is 6028d (base 14) in base 12?
b1831
What is 116149 (base 12) in base 10?
280137
Convert -809a5a (base 14) to base 11.
-2497763
What is 11000011001001111 (base 2) in base 16?
1864f
What is -635030 (base 7) in base 6?
-2204125
-405550535 (base 6) to base 11
-3a4a1a9
4fdf (base 16) to base 5
1123242
What is 4c440 (base 13) in base 10?
141336
What is -11503113 (base 9) in base 8?
-25320637
What is -130322231301 (base 4) in base 2?
-11100111010101101110001
-121126 (base 11) to base 10
-191813
What is 1626456 (base 8) in base 10?
470318
Convert -392197 (base 15) to base 5.
-1200201432
What is -552243202 (base 6) in base 4?
-211310003102
-43b51b (base 15) to base 9
-6058448
What is 285842 (base 13) in base 16?
f01a9
739808 (base 10) to base 14
153876
What is 2353868 (base 9) in base 8?
4673523
What is 210442551 (base 6) in base 9?
6822584
What is 44330123 (base 5) in base 8?
1362360
What is -3220313303 (base 4) in base 15?
-13c948
-11302312122 (base 4) to base 16
-172d9a
What is -23100032 (base 4) in base 11?
-316a4
Convert -2123120121 (base 4) to base 8.
-2333031
What is 544061 (base 8) in base 12?
89615
What is -1318cd (base 14) in base 7?
-5406046
-42b7af (base 16) to base 3
-22020010210201
Convert -1509683 (base 11) to base 8.
-11701654
What is -5692079 (base 10) in base 12?
-1aa603b
What is -3105350 (base 7) in base 3?
-200212210212
What is 157100 (base 13) in base 16?
814ee
What is -1353776 (base 8) in base 12?
-165766
What is -100041300 (base 5) in base 14?
-a34a9
Convert -5a29062 (base 11) to base 2.
-101000000101110101001100
Convert -1e810 (base 15) to base 6.
-2045310
Convert 2ab86 (base 16) to base 15.
36ca7
What is 17514536 (base 9) in base 15?
b8ec96
-26bd (base 15) to base 14
-3034
What is 14304316 (base 9) in base 6?
411535410
-10105362 (base 7) to base 9
-1523320
5561510 (base 8) to base 10
1499976
What is -10010110100010011 (base 2) in base 7?
-440465
-235a54 (base 13) to base 3
-1120201122122
Convert b76c18 (base 14) to base 6.
340545210
Convert -46268 (base 13) to base 8.
-371552
-877755 (base 9) to base 16
-7ff07
Convert 13302321 (base 6) to base 5.
103200120
Convert -453838 (base 9) to base 14.
-71115
Convert 460166 (base 7) to base 11.
56451
Convert -2591643 (base 11) to base 6.
-240023054
What is 237766 (base 11) in base 4?
1123313011
What is 9b0ab (base 12) in base 15?
40e78
-5143413 (base 9) to base 3
-12011110110110
Convert -3700314 (base 8) to base 3.
-1220121201002
What is -34241266 (base 7) in base 13?
-806842
What is -121200111110211 (base 3) in base 5?
-4232222143
Convert -23840852 (base 9) to base 16.
-b1e948
Convert -142133 (base 5) to base 7.
-23153
Convert 502351 (base 7) to base 14.
22d28
-42ad5 (base 14) to base 11
-100206
Convert -10000011001111111011 (base 2) to base 6.
-15304511
-1001110010011011 (base 2) to base 3
-2000222212
What is -15541150 (base 6) in base 16?
-881fa
-325a2 (base 16) to base 5
-23044432
-12aa74 (base 12) to base 15
-618c7
What is 4102375 (base 8) in base 10?
1082621
Convert -3403453 (base 6) to base 16.
-29f79
What is 193147 (base 12) in base 4?
1223220013
What is 1110022000102 (base 3) in base 7?
6401021
Convert 331031222 (base 4) to base 6.
5212442
Convert -b2c5 (base 13) to base 5.
-1242131
1011010111100011110011 (base 2) to base 6
143512403
What is -4484055 (base 10) in base 3?
-22102210222010
What is 363d3 (base 15) in base 4?
222033012
-c1e11 (base 16) to base 8
-3017021
66038 (base 12) to base 4
200322230
Convert -c9e7b (base 15) to base 16.
-9c875
What is 62a4213 (base 11) in base 7?
163243412
356ca (base 13) to base 8
277070
Convert -1ca269 (base 13) to base 3.
-1101102011211
Convert 13090 (base 13) to base 8.
104705
What is -a42289 (base 14) in base 10?
-5537905
Convert -14409 (base 16) to base 8.
-242011
6bb099 (base 16) to base 8
32730231
Convert 112210221120 (base 3) to base 14.
7837b
-407642 (base 12) to base 2
-11110110001011010010
What is 13401d (base 16) in base 14?
24baa1
What is -200000002220 (base 3) in base 11?
-222277
Convert fa17 (base 16) to base 3.
10020211020
Convert -101e0b (base 15) to base 6.
-24225515
10012021001 (base 3) to base 14
18cba
What is 4320b6 (base 12) in base 15?
15e620
-1003330330 (base 4) to base 6
-5544324
1e706 (base 15) to base 7
562650
What is 15674824 (base 9) in base 7?
123446515
Convert 2230525 (base 6) to base 4.
123210311
Convert 1413042 (base 7) to base 5.
22011322
aa715 (base 12) to base 8
670601
-303156 (base 7) to base 5
-3122130
Convert -990c0 (base 13) to base 11.
-17a109
What is 9aaac (base 13) in base 5?
32441401
Convert 35454 (base 10) to base 9.
53563
What is 8755 (base 11) in base 16?
2d23
101031221 (base 4) to base 14
1b9a1
What is 4340232 (base 5) in base 3?
10210010010
Convert -21010000021 (base 3) to base 2.
-100010001011000111
What is -11100100110101010010100 (base 2) in base 9?
-15087762
Convert 43121121 (base 5) to base 13.
c9842
-21758486 (base 9) to base 5
-10200043021
Convert 12622166 (base 7) to base 9.
2165402
What is 11643606 (base 8) in base 5?
1124333324
-a23bc (base 13) to base 10
-290666
What is -63923 (base 11) in base 16?
-16b19
Convert -1111011111000010000111 (base 2) to base 3.
-21122020021101
-93079 (base 10) to base 15
-1c8a4
Convert -25297 (base 12) to base 11.
-34a53
What is -1042204213 (base 5) in base 7?
-25403164
1162064 (base 9) to base 3
1012002002011
Convert -41d0c9 (base 14) to base 7.
-24626342
What is -21322011 (base 4) in base 12?
-1b599
What is -21011121211 (base 3) in base 13?
-4c32a
-317552 (base 8) to base 4
-121331222
-2748785 (base 9) to base 11
-940769
What is -101111000011110011000 (base 2) in base 16?
-178798
Convert 475a31 (base 11) to base 13.
205605
Convert 15528 (base 11) to base 9.
33067
What is c3c8 (base 13) in base 8?
64633
-23251623 (base 7) to base 12
-828256
Convert -1880b (base 15) to base 11.
-54755
Convert 274461 (base 9) to base 14.
44d96
Convert 100001100001100101011010 (base 2) to base 15.
b88e29
What is -809327 (base 10) in base 11?
-503072
Convert -100000110001000101 (base 2) to base 15.
-29b78
What is -291745 (base 13) in base 10?
-1003072
What is -1224434142 (base 5) in base 10?
-2968047
Convert 1202315 (base 6) to base 3.
10012002102
What is -23313247 (base 8) in base 10?
-5084839
Convert 10586845 (base 9) to base 2.
10011100101110110010101
41511 (base 11) to base 8
166140
What is 236645 (base 7) in base 4?
22203002
What is -2940106 (base 10) in base 3?
-12112101001211
What is -1724721 (base 11) in base 3?
-12112002020021
Convert 100111501 (base 6) to base 16.
19c5fd
What is 2c2e0a (base 15) in base 12?
870254
Convert 103016 (base 14) to base 9.
1022061
What is -12002220121 (base 3) in base 15?
-1ebc7
What is 4155635 (base 9) in base 15?
2dd48b
-101100100110100011101 (base 2) to base 8
-5446435
Convert 543335 (base 11) to base 3.
1122002222001
-106241 (base 11) to base 15
-35284
What is 182425 (base 12) in base 14?
ac88d
-22102201012221 (base 3) to base 2
-10001000110010000000100
-20103321121 (base 4) to base 12
-890961
What is 1132525 (base 8) in base 15?
61660
What is -2de83 (base 15) in base 14?
-3c11c
What is -4410345 (base 7) in base 9?
-1013260
What is 13323322312 (base 4) in base 3?
10220200211021
421112203 (base 6) to base 15
99d316
-24845504 (base 9) to base 13
-26ac622
1111211002002 (base 3) to base 5
201202124
What is -11110010100110000101 (base 2) in base 6?
-33144153
-15134011 (base 6) to base 2
-10000000010110110111
Convert -2024023421 (base 5) to base 12.
-14701a8
Convert 100101111010000101100 (base 2) to base 12.
4baa10
-21646435 (base 7) to base 15
-271441
What is b310e (base 16) in base 10?
733454
What is -61615012 (base 7) in base 10?
-5163874
Convert -3999593 (base 10) to base 4.
-33100131221
Convert -424e5 (base 15) to base 5.
-23212430
What is 5a551 (base 14) in base 8?
656633
What is -65413211 (base 8) in base